{"id":5775,"date":"2022-02-16T10:25:24","date_gmt":"2022-02-16T08:25:24","guid":{"rendered":"https:\/\/juristavards.lv\/veikals\/?page_id=5775"},"modified":"2025-09-10T15:29:27","modified_gmt":"2025-09-10T12:29:27","slug":"reklama-portals","status":"publish","type":"page","link":"https:\/\/juristavards.lv\/veikals\/reklama-portals\/","title":{"rendered":"Rekl\u0101ma (port\u0101ls juristavards.lv)"},"content":{"rendered":"<details>\n<summary>Tehnisk\u0101s pras\u012bbas<\/summary>\n<p>Port\u0101l\u0101&nbsp;<a href=\"http:\/\/www.juristavards.lv\/\" target=\"_blank\" rel=\"noreferrer noopener\">www.juristavards.lv<\/a>&nbsp;&nbsp;banerus var izvietot GIF, JPG vai HTML5 form\u0101tos. Maksim\u0101li pie\u013caujamais svars ir l\u012bdz 45 KB (atkar\u012bb\u0101 no banera izm\u0113ra). Baneru anim\u0101cija nedr\u012bkst p\u0101rsniegt 15 sekundes (tad t\u0101 var atk\u0101rtoties).<\/p>\n<p>Izpild\u012bjumam ir j\u0101b\u016bt saprotamam un nep\u0101rs\u0101tin\u0101tam, taj\u0101 skait\u0101 ar mier\u012bg\u0101m kr\u0101s\u0101m un to p\u0101rej\u0101m. Kadru frekvence ir pie\u013caujama l\u012bdz 30 kadriem sekund\u0113. K\u0101 ar\u012b nepie\u0146emam banerus, kas ir papildin\u0101ti ar ska\u0146u.<\/p>\n<\/details><p><\/p><p>NED\u0112\u013bAS \u017dURN\u0100LS TIESISKAI DOMAI UN PRAKSEI<\/p><p>Ned\u0113\u013cas \u017eurn\u0101ls\u00a0<a href=\"http:\/\/www.juristavards.lv\/?menu=default\" target=\"_blank\" rel=\"noreferrer noopener\">&#8220;Jurista V\u0101rds&#8221;<\/a>\u00a0ir Latvijas juristu liel\u0101kais nekl\u0101tienes forums un profesion\u0101l\u0101s t\u0101l\u0101kizgl\u012bt\u012bbas instruments, k\u0101 ar\u012b ikdienas inform\u0101cijas avots par noris\u0113m tiesliet\u0101s. Vietne\u00a0<em>juristavards.lv<\/em>\u00a0ir \u017eurn\u0101la elektronisk\u0101 versija, un tas ir maksas izdevums, ko ikdien\u0101 lieto pla\u0161s juristu loks \u2013 augsti kvalific\u0113ta un profesion\u0101la auditorija (vairumam las\u012bt\u0101ju ir augst\u0101k\u0101 juridisk\u0101 izgl\u012bt\u012bba vai ar\u012b vi\u0146i ir ties\u012bbu zin\u0101t\u0146u studenti). Vietn\u0113 ir ar\u012b bezmaksas satura sada\u013cas, kas pieejamas ikvienam interesentam, piem\u0113ram, &#8220;Jaunumi&#8221; un &#8220;Bibliot\u0113ka&#8221;.<br><br>Popul\u0101r\u0101k\u0101s sada\u013cas: jaun\u0101kais numurs, izv\u0113rst\u0101 mekl\u0113\u0161ana un \u012bpa\u0161\u0101 v\u0113rt\u012bba \u2013 arh\u012bvs (rakstu katalogi). Auditorijas soci\u0101ldemogr\u0101fiskais portrets: datus skat.\u00a0<em>gemiusAudience.\u00a0<\/em><br>Rekl\u0101mlauki port\u0101l\u0101 <em>juristavards.lv<\/em> \u2013 sarakst\u0101 zem\u0101k, savuk\u0101rt rekl\u0101mlaukumu iesp\u0113jas un darba sludin\u0101jumu iesp\u0113jas l\u016bgums skat\u012bt <a href=\"https:\/\/juristavards.lv\/veikals\/reklama-sludinajumi\/\" title=\"\u0161aj\u0101 atv\u0113rum\u0101 &quot;Druk\u0101t\u0101 rekl\u0101ma&quot;\">\u0161aj\u0101 atv\u0113rum\u0101 &#8220;Druk\u0101t\u0101 rekl\u0101ma&#8221;<\/a>.<\/p><p>Par darba sludin\u0101jumu un rekl\u0101mas saturu atbild to dev\u0113js. K\u0101 apmaks\u0101tu rekl\u0101mu vai sludin\u0101jumu \u017eurn\u0101l\u0101 un port\u0101l\u0101 \u201cJurista V\u0101rds\u201d (<em>juristavards.lv<\/em>) var public\u0113t:&nbsp;<\/p><ul class=\"wp-block-list\"><li>darba sludin\u0101jumus un inform\u0101ciju par amatu vakanc\u0113m vai prakses iesp\u0113j\u0101m;<\/li>\n\n<li>izgl\u012bt\u012bbas iest\u0101\u017eu komerci\u0101la rakstura inform\u0101ciju saist\u012bb\u0101 ar to pied\u0101v\u0101tajiem pakalpojumiem vai organiz\u0113tajiem pas\u0101kumiem;&nbsp;<\/li>\n\n<li>inform\u0101ciju par profesion\u0101l\u0101s kompetences pilnveides vai t\u0101l\u0101kizgl\u012bt\u012bbas kursiem\/apm\u0101c\u012bb\u0101m, konferenc\u0113m, semin\u0101riem;&nbsp;<\/li>\n\n<li>ofici\u0101lo iest\u0101\u017eu un instit\u016bciju iesniegtu rekl\u0101mu.&nbsp;<\/li><\/ul><p><\/p><p>Iz\u0146\u0113muma gad\u012bjumos, ja tam piekr\u012bt \u201cJurista V\u0101rda\u201d izdev\u0113js, var tikt public\u0113tas ar\u012b citas rekl\u0101mas, balstoties uz individu\u0101lu redakcijas izv\u0113rt\u0113jumu un atbilst\u012bbu \u017eurn\u0101la pamatfunkcij\u0101m.&nbsp; \u0160\u0101dos gad\u012bjumos rekl\u0101mu var noraid\u012bt vai pie\u0146emt public\u0113\u0161anai, nemotiv\u0113jot rekl\u0101mas pieteic\u0113jam.<\/p><div class=\"wp-block-columns is-layout-flex wp-container-core-columns-is-layout-2 wp-block-columns-is-layout-flex\"><div class=\"wp-block-column is-layout-flow wp-block-column-is-layout-flow\"><h2 class=\"wp-block-heading\" id=\"kontakti\">Kontakti<\/h2>\n\n<ul class=\"wp-block-list\"><li>Par rekl\u0101mas iesp\u0113j\u0101m &#8220;Jurista V\u0101rd\u0101&#8221; (druk\u0101taj\u0101 \u017eurn\u0101l\u0101 un\/vai port\u0101l\u0101 juristiem) l\u016bdzam sazin\u0101ties ar Las\u012bt\u0101ju servisu.<\/li>\n\n<li>T.: 67311161<\/li>\n\n<li>E-pasts:&nbsp;<a href=\"mailto:reklama@lv.lv\" target=\"_blank\" rel=\"noreferrer noopener\">reklama@lv.lv<\/a><\/li><\/ul><\/div>\n\n<div class=\"wp-block-column is-layout-flow wp-block-column-is-layout-flow\"><h2 class=\"wp-block-heading\" id=\"piemerojamas-atlaides\">Piem\u0113rojam\u0101s atlaides<\/h2>\n\n<div class=\"wp-block-columns is-layout-flex wp-container-core-columns-is-layout-1 wp-block-columns-is-layout-flex\"><div class=\"wp-block-column is-layout-flow wp-block-column-is-layout-flow\"><p>Apjoma atlaide:<\/p>\n\n<ul class=\"wp-block-list\"><li>100 &#8211; 199 EUR:&nbsp;<strong>5%<\/strong><\/li>\n\n<li>200 &#8211; 249 EUR:&nbsp;<strong>10%<\/strong><\/li>\n\n<li>250 &#8211; 349 EUR:&nbsp;<strong>15%<\/strong><\/li>\n\n<li>350 &#8211; 499 EUR:&nbsp;<strong>20%<\/strong><\/li>\n\n<li>500 &#8211; 749 EUR:&nbsp;<strong>25%<\/strong><\/li>\n\n<li>&gt; 750 EUR:&nbsp;<strong>30%<\/strong><\/li><\/ul><\/div>\n\n<div class=\"wp-block-column is-layout-flow wp-block-column-is-layout-flow\"><p>Atlaide par dien\u0101m:<\/p>\n\n<ul class=\"wp-block-list\"><li>2 dienas:&nbsp;<strong>5%<\/strong><\/li>\n\n<li>3 &#8211; 4 dienas:&nbsp;<strong>10%<\/strong><\/li>\n\n<li>5 &#8211; 9 dienas:&nbsp;<strong>15%<\/strong><\/li>\n\n<li>10 &#8211; 14 dienas:&nbsp;<strong>20%<\/strong><\/li>\n\n<li>15 &#8211; 19 dienas:&nbsp;<strong>25%<\/strong><\/li>\n\n<li>&gt; 20 dienas:&nbsp;<strong>30%<\/strong><\/li><\/ul><\/div><\/div><\/div><\/div><div class=\"wp-block-columns is-layout-flex wp-container-core-columns-is-layout-3 wp-block-columns-is-layout-flex\"><div class=\"wp-block-column is-layout-flow wp-block-column-is-layout-flow\"><p class=\"has-text-align-center\"><strong>Parastie baneri<\/strong><\/p>\n\n<figure class=\"wp-block-table is-style-stripes has-small-font-size\"><table><tbody><tr><th>Nosaukums<\/th><th class=\"has-text-align-center\" data-align=\"center\">Izm\u0113rs (px)<\/th><th class=\"has-text-align-center\" data-align=\"center\">Ekspoz\u012bcijas<\/th><th class=\"has-text-align-center\" data-align=\"center\">Cena (EUR\/diena)<\/th><th class=\"has-text-align-center\" data-align=\"center\">Rot\u0101cijas<\/th><th class=\"has-text-align-center\" data-align=\"center\">Paraugs<\/th><\/tr><tr><td><strong>Lielais jumts<\/strong><\/td><td class=\"has-text-align-center\" data-align=\"center\">980 x 200<\/td><td class=\"has-text-align-center\" data-align=\"center\">4000<\/td><td class=\"has-text-align-center\" data-align=\"center\">45.00<\/td><td class=\"has-text-align-center\" data-align=\"center\">2<\/td><td class=\"has-text-align-center\" data-align=\"center\"><a href=\"https:\/\/juristavards.lv\/veikals\/wp-content\/uploads\/2022\/02\/JUMTS.JPG.png\" title=\"\ufffc\"><img decoding=\"async\" width=\"100\" height=\"72\" class=\"wp-image-5734\" style=\"width: 100px\" src=\"https:\/\/juristavards.lv\/veikals\/wp-content\/uploads\/2022\/02\/LAUKUMS_IKONA-2.png\" alt=\"\"><\/a><a href=\"https:\/\/www.lv.lv\/wwwraksti\/LVPORTALS\/PARAUGI\/JUMTS.JPG\"><\/a><\/td><\/tr><tr><td><strong>Mazais jumts<\/strong><\/td><td class=\"has-text-align-center\" data-align=\"center\">980 x 150<\/td><td class=\"has-text-align-center\" data-align=\"center\">4000<\/td><td class=\"has-text-align-center\" data-align=\"center\">35.00<\/td><td class=\"has-text-align-center\" data-align=\"center\">2<\/td><td class=\"has-text-align-center\" data-align=\"center\"><a href=\"https:\/\/juristavards.lv\/veikals\/wp-content\/uploads\/2022\/02\/MAZAIS_JUMTS.JPG.png\" title=\"\ufffc\"><img decoding=\"async\" width=\"100\" height=\"72\" class=\"wp-image-5734\" style=\"width: 100px\" src=\"https:\/\/juristavards.lv\/veikals\/wp-content\/uploads\/2022\/02\/LAUKUMS_IKONA-2.png\" alt=\"\"><\/a><a href=\"https:\/\/www.lv.lv\/wwwraksti\/LVPORTALS\/PARAUGI\/MAZAIS_JUMTS.JPG\"><\/a><\/td><\/tr><tr><td>Izvietojums: vis\u0101 port\u0101l\u0101<\/td><td class=\"has-text-align-center\" data-align=\"center\"><\/td><td class=\"has-text-align-center\" data-align=\"center\"><\/td><td class=\"has-text-align-center\" data-align=\"center\"><\/td><td class=\"has-text-align-center\" data-align=\"center\"><\/td><td class=\"has-text-align-center\" data-align=\"center\"><\/td><\/tr><tr><td><strong>Karogs<\/strong><\/td><td class=\"has-text-align-center\" data-align=\"center\">280 x 140<\/td><td class=\"has-text-align-center\" data-align=\"center\">3000<\/td><td class=\"has-text-align-center\" data-align=\"center\">30.00<\/td><td class=\"has-text-align-center\" data-align=\"center\">2<\/td><td class=\"has-text-align-center\" data-align=\"center\"><a href=\"https:\/\/juristavards.lv\/veikals\/wp-content\/uploads\/2022\/02\/KAROGS.jpg\" title=\"\ufffc\"><img decoding=\"async\" width=\"100\" height=\"72\" class=\"wp-image-5734\" style=\"width: 100px\" src=\"https:\/\/juristavards.lv\/veikals\/wp-content\/uploads\/2022\/02\/LAUKUMS_IKONA-2.png\" alt=\"\"><\/a><a href=\"https:\/\/www.lv.lv\/wwwraksti\/LVPORTALS\/PARAUGI\/KAROGS.JPG\"><\/a><\/td><\/tr><tr><td>Izvietojums: S\u0101kumlapa, \u017durn\u0101la atv\u0113rums, Zi\u0146u atv\u0113rums, Domn\u012bcas atv\u0113rums<\/td><td class=\"has-text-align-center\" data-align=\"center\"><\/td><td class=\"has-text-align-center\" data-align=\"center\"><\/td><td class=\"has-text-align-center\" data-align=\"center\"><\/td><td class=\"has-text-align-center\" data-align=\"center\"><\/td><td class=\"has-text-align-center\" data-align=\"center\"><\/td><\/tr><\/tbody><\/table><\/figure><\/div><\/div>","protected":false},"excerpt":{"rendered":"<p>Tehnisk\u0101s pras\u012bbas Port\u0101l\u0101&nbsp;www.juristavards.lv&nbsp;&nbsp;banerus var izvietot GIF, JPG vai HTML5 form\u0101tos. Maksim\u0101li pie\u013caujamais svars ir l\u012bdz 45 KB (atkar\u012bb\u0101 no banera izm\u0113ra). Baneru anim\u0101cija nedr\u012bkst p\u0101rsniegt 15 sekundes (tad t\u0101 var atk\u0101rtoties). Izpild\u012bjumam ir j\u0101b\u016bt saprotamam un nep\u0101rs\u0101tin\u0101tam, taj\u0101 skait\u0101 ar mier\u012bg\u0101m kr\u0101s\u0101m un to p\u0101rej\u0101m. Kadru frekvence ir pie\u013caujama l\u012bdz 30 kadriem sekund\u0113. K\u0101 ar\u012b [&hellip;]<\/p>\n","protected":false},"author":3,"featured_media":0,"parent":0,"menu_order":0,"comment_status":"closed","ping_status":"closed","template":"","meta":{"footnotes":""},"class_list":["post-5775","page","type-page","status-publish","hentry"],"aioseo_notices":[],"_links":{"self":[{"href":"https:\/\/juristavards.lv\/veikals\/wp-json\/wp\/v2\/pages\/5775"}],"collection":[{"href":"https:\/\/juristavards.lv\/veikals\/wp-json\/wp\/v2\/pages"}],"about":[{"href":"https:\/\/juristavards.lv\/veikals\/wp-json\/wp\/v2\/types\/page"}],"author":[{"embeddable":true,"href":"https:\/\/juristavards.lv\/veikals\/wp-json\/wp\/v2\/users\/3"}],"replies":[{"embeddable":true,"href":"https:\/\/juristavards.lv\/veikals\/wp-json\/wp\/v2\/comments?post=5775"}],"version-history":[{"count":16,"href":"https:\/\/juristavards.lv\/veikals\/wp-json\/wp\/v2\/pages\/5775\/revisions"}],"predecessor-version":[{"id":12917,"href":"https:\/\/juristavards.lv\/veikals\/wp-json\/wp\/v2\/pages\/5775\/revisions\/12917"}],"wp:attachment":[{"href":"https:\/\/juristavards.lv\/veikals\/wp-json\/wp\/v2\/media?parent=5775"}],"curies":[{"name":"wp","href":"https:\/\/api.w.org\/{rel}","templated":true}]}}