{"id":10410,"date":"2024-03-12T05:00:10","date_gmt":"2024-03-12T03:00:10","guid":{"rendered":"https:\/\/juristavards.lv\/veikals\/?post_type=product&#038;p=10410"},"modified":"2024-11-21T12:44:20","modified_gmt":"2024-11-21T10:44:20","slug":"12-marts-2024-nr-11-1329","status":"publish","type":"product","link":"https:\/\/juristavards.lv\/veikals\/produkts\/12-marts-2024-nr-11-1329\/","title":{"rendered":"12. marts 2024 \/ Nr. 11 (1329)"},"content":{"rendered":"<div class=\"x_elementToProof x_ContentPasted0\">\n<div class=\"x_elementToProof x_ContentPasted0\">\n<div class=\"x_elementToProof x_ContentPasted0\">\n<div class=\"x_elementToProof x_ContentPasted0\">\n<div class=\"x_elementToProof x_ContentPasted0\">\n<div class=\"x_elementToProof x_ContentPasted0\">\n<div class=\"x_elementToProof x_ContentPasted0\">\n<div class=\"x_elementToProof x_ContentPasted0\">\n<div class=\"x_elementToProof x_ContentPasted0\">\n<div class=\"x_elementToProof x_ContentPasted0\">\n<p class=\"x_elementToProof\">\u0160is &#8220;Jurista V\u0101rds&#8221;\u00a0ir velt\u012bts tiesu efektivit\u0101tes probl\u0113mai un diskusijai par to. T\u0101pat k\u0101 jebkura cita valsts funkcija \u2013 ar\u012b tiesu sist\u0113ma \u2013 ir j\u0101organiz\u0113 t\u0101d\u0113j\u0101di, lai t\u0101s uzdevumi tiktu izpild\u012bti p\u0113c iesp\u0113jas kvalitat\u012bvi, \u0101tri un sabiedr\u012bbai izdev\u012bg\u0101 un saprotam\u0101 veid\u0101, k\u0101 ar\u012b vienlaikus maksim\u0101li efekt\u012bvi (taup\u012bgi) izlietojot valsts resursus.\u00a0\u0160aj\u0101 \u017eurn\u0101l\u0101 ietvertas asto\u0146as publik\u0101cijas, kas velt\u012btas da\u017e\u0101diem Latvijas tiesu sist\u0113mas efektivit\u0101tes aspektiem.<\/p>\n<p>Par tiesu efektivit\u0101tes j\u0113dzienu un nov\u0113rt\u0113\u0161anas iesp\u0113j\u0101m &#8220;Jurista V\u0101rdam&#8221; uzrakst\u012bju\u0161as Anna Skrjabina (&#8220;Tiesu efektivit\u0101te (laik\u0101 un telp\u0101)&#8221;), k\u0101 ar\u012b Inita Ilga\u017ea un L\u012bga Reinfelde (&#8220;K\u0101 nov\u0113rt\u0113t tiesu darba efektivit\u0101ti&#8221;). Tieslietu padomes veikums tiesu efektivit\u0101tes probl\u0113mu p\u0113tniec\u012bb\u0101 atspogu\u013cots Daces \u0160ulmanes un Riharda Veinberga publik\u0101cij\u0101s (&#8220;Tieslietu padomes darba grupa: \u010detri virzieni tiesu sist\u0113mas efektiviz\u0113\u0161anai&#8221; un &#8220;Latvijas tiesu darb\u012bbas r\u0101d\u012bt\u0101ji \u2013 pamats l\u0113mumiem par tiesu sist\u0113mas att\u012bst\u012bbu&#8221;).<\/p>\n<p>Savuk\u0101rt v\u0113l \u010detras publik\u0101cijas velt\u012btas praktiskiem pas\u0101kumiem, kas jau ir veikti vai tiek pl\u0101noti tiesu darba efektiviz\u0113\u0161anai. Pilotprojektu, kur\u0101 Latvij\u0101 pirmo reizi notika m\u0113\u0123in\u0101jums &#8220;sv\u0113rt&#8221; da\u017e\u0101dus tiesu spriedumus, lai objekt\u012bvi nov\u0113rt\u0113tu tiesne\u0161u darba slodzi, apl\u016bko Svetlana Be\u013cajeva. Savuk\u0101rt Di\u0101na Adamovi\u010da analiz\u0113 to, k\u0101 Latvijas tiesu sist\u0113m\u0101 tika ieviests e-lietas pirmais posms. Al\u0113ns Mickevi\u010ds apl\u016bko e-lietas ievie\u0161anas pan\u0101kumus un gr\u016bt\u012bbas krimin\u0101lproces\u0101, bet Arm\u012bns Meisters pied\u0101v\u0101 jaunas idejas tiesas sprie\u0161anas efektivit\u0101tei krimin\u0101lliet\u0101s.<\/p>\n<\/div>\n<\/div>\n<\/div>\n<\/div>\n<\/div>\n<\/div>\n<\/div>\n<\/div>\n<\/div>\n<\/div>\n","protected":false},"excerpt":{"rendered":"<p><span data-contrast=\"auto\">Druk\u0101t\u0101 \u017eurn\u0101la pieg\u0101de:\u00a0<\/span><span data-ccp-props=\"{&quot;201341983&quot;:0,&quot;335559739&quot;:160,&quot;335559740&quot;:259}\">\u00a0<\/span><\/p>\n<ul>\n<li data-leveltext=\"\uf0b7\" data-font=\"Symbol\" data-listid=\"2\" data-aria-posinset=\"1\" data-aria-level=\"1\"><span data-contrast=\"auto\">ar OMNIVA vai &#8220;Latvijas Pasts&#8221; (pieg\u0101des izdevumi)<\/span><span data-ccp-props=\"{&quot;134233279&quot;:true,&quot;201341983&quot;:0,&quot;335559739&quot;:160,&quot;335559740&quot;:259}\">\u00a0<\/span><\/li>\n<li data-leveltext=\"\uf0b7\" data-font=\"Symbol\" data-listid=\"2\" data-aria-posinset=\"1\" data-aria-level=\"1\"><span class=\"NormalTextRun SCXW151442062 BCX0\">bez maksas\u00a0 &#8211; \u201cLatvijas V\u0113stne\u0161a\u201d Klientu centr\u0101 Bru\u0146inieku\u00a0<\/span><span class=\"NormalTextRun CommentStart SCXW151442062 BCX0\">41<\/span><span class=\"NormalTextRun SCXW151442062 BCX0\">, R\u012bg\u0101<\/span><\/li>\n<\/ul>\n<p><a title=\"9.augusts 2022 \/ Nr.32 (1246)\" href=\"https:\/\/juristavards.lv\/zurnals.php?laidiens_id=12445\" target=\"_blank\" rel=\"noopener\">\u017durn\u0101la digit\u0101l\u0101 versija<\/a><\/p>\n","protected":false},"featured_media":10411,"comment_status":"open","ping_status":"closed","template":"","meta":[],"product_brand":[],"product_cat":[362,361],"product_tag":[],"class_list":{"0":"post-10410","1":"product","2":"type-product","3":"status-publish","4":"has-post-thumbnail","6":"product_cat-zurnali-tematiskie","7":"product_cat-zurnali","9":"first","10":"instock","11":"taxable","12":"shipping-taxable","13":"purchasable","14":"product-type-simple"},"aioseo_notices":[],"_links":{"self":[{"href":"https:\/\/juristavards.lv\/veikals\/wp-json\/wp\/v2\/product\/10410","targetHints":{"allow":["GET"]}}],"collection":[{"href":"https:\/\/juristavards.lv\/veikals\/wp-json\/wp\/v2\/product"}],"about":[{"href":"https:\/\/juristavards.lv\/veikals\/wp-json\/wp\/v2\/types\/product"}],"replies":[{"embeddable":true,"href":"https:\/\/juristavards.lv\/veikals\/wp-json\/wp\/v2\/comments?post=10410"}],"wp:featuredmedia":[{"embeddable":true,"href":"https:\/\/juristavards.lv\/veikals\/wp-json\/wp\/v2\/media\/10411"}],"wp:attachment":[{"href":"https:\/\/juristavards.lv\/veikals\/wp-json\/wp\/v2\/media?parent=10410"}],"wp:term":[{"taxonomy":"product_brand","embeddable":true,"href":"https:\/\/juristavards.lv\/veikals\/wp-json\/wp\/v2\/product_brand?post=10410"},{"taxonomy":"product_cat","embeddable":true,"href":"https:\/\/juristavards.lv\/veikals\/wp-json\/wp\/v2\/product_cat?post=10410"},{"taxonomy":"product_tag","embeddable":true,"href":"https:\/\/juristavards.lv\/veikals\/wp-json\/wp\/v2\/product_tag?post=10410"}],"curies":[{"name":"wp","href":"https:\/\/api.w.org\/{rel}","templated":true}]}}