{"id":11814,"date":"2024-11-12T08:00:56","date_gmt":"2024-11-12T06:00:56","guid":{"rendered":"https:\/\/juristavards.lv\/veikals\/?post_type=product&#038;p=11814"},"modified":"2025-12-21T16:01:46","modified_gmt":"2025-12-21T14:01:46","slug":"12-novembris-2024-nr-46-47-1364-1365","status":"publish","type":"product","link":"https:\/\/juristavards.lv\/veikals\/produkts\/12-novembris-2024-nr-46-47-1364-1365\/","title":{"rendered":"12. novembris 2024 \/ Nr. 46\/47 (1364\/1365)"},"content":{"rendered":"<p>\u0160is &#8220;Jurista V\u0101rda&#8221; gr\u0101mat\u017eurn\u0101lu s\u0113rijas izdevums velt\u012bts ties\u012bbu teorijas un juridisko meto\u017eu tematikai. Pateicoties \u0161\u012b izdevuma viesredaktora Dr. iur. M\u0101ra On\u017eeva iesaistei, ir izdevies sapulcin\u0101t 18 autorus, kuri apkopoju\u0161i atzi\u0146as no da\u017e\u0101d\u0101m ties\u012bbu nozar\u0113m, kas \u013caus gan pieredz\u0113ju\u0161iem las\u012bt\u0101jiem, gan ar\u012b jurisprudences studentiem pilnveidot izpratni par Latvijas ties\u012bbu sist\u0113mas uzb\u016bvi un pamatiem, k\u0101 ar\u012b izmantot izdevum\u0101 iek\u013caut\u0101s atzi\u0146as praktisku ties\u012bbu probl\u0113mjaut\u0101jumu risin\u0101\u0161an\u0101. Vai t\u0101 b\u016btu izpratne par ties\u012bbu teorijas atzi\u0146\u0101m, vai pieteikumu izskat\u012b\u0161anas metodolo\u0123ija specifiskos tiesved\u012bbas jaut\u0101jumos, vai ar\u012b materi\u0101lo ties\u012bbu normu piem\u0113ro\u0161anas metodes, kop\u0101 t\u0101s veido uz praktisk\u0101m dz\u012bves situ\u0101cij\u0101m v\u0113rstus risin\u0101jumus.<\/p>\n<p><span data-teams=\"true\"><span class=\"ui-provider a b c d e f g h i j k l m n o p q r s t u v w x y z ab ac ae af ag ah ai aj ak\" dir=\"ltr\">\u00a0<\/span><\/span><\/p>\n<p>&nbsp;<\/p>\n<p><span data-teams=\"true\"><span class=\"ui-provider a b c d e f g h i j k l m n o p q r s t u v w x y z ab ac ae af ag ah ai aj ak\" dir=\"ltr\">\u00a0<\/span><\/span><\/p>\n","protected":false},"excerpt":{"rendered":"<p><span data-contrast=\"auto\">Druk\u0101t\u0101 \u017eurn\u0101la pieg\u0101de:\u00a0<\/span><span data-ccp-props=\"{&quot;201341983&quot;:0,&quot;335559739&quot;:160,&quot;335559740&quot;:259}\">\u00a0<\/span><\/p>\n<ul>\n<li data-leveltext=\"\uf0b7\" data-font=\"Symbol\" data-listid=\"2\" data-aria-posinset=\"1\" data-aria-level=\"1\"><span data-contrast=\"auto\">ar OMNIVA vai &#8220;Latvijas Pasts&#8221; (pieg\u0101des izdevumi)<\/span><span data-ccp-props=\"{&quot;134233279&quot;:true,&quot;201341983&quot;:0,&quot;335559739&quot;:160,&quot;335559740&quot;:259}\">\u00a0<\/span><\/li>\n<li data-leveltext=\"\uf0b7\" data-font=\"Symbol\" data-listid=\"2\" data-aria-posinset=\"1\" data-aria-level=\"1\"><span class=\"NormalTextRun SCXW151442062 BCX0\">bez maksas\u00a0 &#8211; \u201cLatvijas V\u0113stne\u0161a\u201d Klientu centr\u0101 Bru\u0146inieku\u00a0<\/span><span class=\"NormalTextRun CommentStart SCXW151442062 BCX0\">41<\/span><span class=\"NormalTextRun SCXW151442062 BCX0\">, R\u012bg\u0101<\/span><\/li>\n<\/ul>\n<p><a title=\"9.augusts 2022 \/ Nr.32 (1246)\" href=\"https:\/\/juristavards.lv\/zurnals.php?laidiens_id=12480\" target=\"_blank\" rel=\"noopener\">\u017durn\u0101la digit\u0101l\u0101 versija<\/a><\/p>\n","protected":false},"featured_media":11818,"comment_status":"open","ping_status":"closed","template":"","meta":[],"product_brand":[],"product_cat":[363,361],"product_tag":[],"class_list":{"0":"post-11814","1":"product","2":"type-product","3":"status-publish","4":"has-post-thumbnail","6":"product_cat-zurnali-gramatzurnali","7":"product_cat-zurnali","9":"first","10":"outofstock","11":"taxable","12":"shipping-taxable","13":"purchasable","14":"product-type-simple"},"aioseo_notices":[],"_links":{"self":[{"href":"https:\/\/juristavards.lv\/veikals\/wp-json\/wp\/v2\/product\/11814","targetHints":{"allow":["GET"]}}],"collection":[{"href":"https:\/\/juristavards.lv\/veikals\/wp-json\/wp\/v2\/product"}],"about":[{"href":"https:\/\/juristavards.lv\/veikals\/wp-json\/wp\/v2\/types\/product"}],"replies":[{"embeddable":true,"href":"https:\/\/juristavards.lv\/veikals\/wp-json\/wp\/v2\/comments?post=11814"}],"wp:featuredmedia":[{"embeddable":true,"href":"https:\/\/juristavards.lv\/veikals\/wp-json\/wp\/v2\/media\/11818"}],"wp:attachment":[{"href":"https:\/\/juristavards.lv\/veikals\/wp-json\/wp\/v2\/media?parent=11814"}],"wp:term":[{"taxonomy":"product_brand","embeddable":true,"href":"https:\/\/juristavards.lv\/veikals\/wp-json\/wp\/v2\/product_brand?post=11814"},{"taxonomy":"product_cat","embeddable":true,"href":"https:\/\/juristavards.lv\/veikals\/wp-json\/wp\/v2\/product_cat?post=11814"},{"taxonomy":"product_tag","embeddable":true,"href":"https:\/\/juristavards.lv\/veikals\/wp-json\/wp\/v2\/product_tag?post=11814"}],"curies":[{"name":"wp","href":"https:\/\/api.w.org\/{rel}","templated":true}]}}