{"id":12445,"date":"2025-04-08T08:00:00","date_gmt":"2025-04-08T05:00:00","guid":{"rendered":"https:\/\/juristavards.lv\/veikals\/?post_type=product&#038;p=12445"},"modified":"2025-11-24T08:53:43","modified_gmt":"2025-11-24T06:53:43","slug":"8-aprilis-2025-nr-14-1384","status":"publish","type":"product","link":"https:\/\/juristavards.lv\/veikals\/produkts\/8-aprilis-2025-nr-14-1384\/","title":{"rendered":"8. apr\u012blis 2025 \/ Nr. 14 (1384)"},"content":{"rendered":"<p><span data-teams=\"true\">2025. gada 11.\u00a0apr\u012bl\u012b aprit\u0113s 45\u00a0gadi, kop\u0161 tika pie\u0146emta Apvienoto N\u0101ciju Organiz\u0101cijas Konvencija par starptautiskajiem pre\u010du pirkuma-p\u0101rdevuma l\u012bgumiem (bie\u017ei saukta t\u0101s sa\u012bsin\u0101jum\u0101\u00a0\u2013 CISG). Laika gait\u0101 \u0161\u012b ir k\u013cuvusi par, iesp\u0113jams, vispaz\u012bstam\u0101ko un popul\u0101r\u0101ko konvenciju starptautisko priv\u0101to ties\u012bbu jom\u0101.\u00a0\u00a0T\u0101p\u0113c \u0161\u012bs ned\u0113\u013cas numurs velt\u012bts CISG. \u0160ai laidien\u0101 asto\u0146\u0101s publik\u0101cijas eksperti apl\u016bko CISG piem\u0113ro\u0161anu, tv\u0113ruma probl\u0113mjaut\u0101jumus, CISG mijiedarb\u012bbu ar \u0161\u0137\u012br\u0113jtiesu, u.c. ar CISG saist\u012btus jaut\u0101jumus.<\/span><\/p>\n","protected":false},"excerpt":{"rendered":"<p><span data-contrast=\"auto\">Druk\u0101t\u0101 \u017eurn\u0101la pieg\u0101de:\u00a0<\/span><span data-ccp-props=\"{&quot;201341983&quot;:0,&quot;335559739&quot;:160,&quot;335559740&quot;:259}\">\u00a0<\/span><\/p>\n<ul>\n<li data-leveltext=\"\uf0b7\" data-font=\"Symbol\" data-listid=\"2\" data-aria-posinset=\"1\" data-aria-level=\"1\"><span data-contrast=\"auto\">ar OMNIVA vai &#8220;Latvijas Pasts&#8221; (pieg\u0101des izdevumi)<\/span><span data-ccp-props=\"{&quot;134233279&quot;:true,&quot;201341983&quot;:0,&quot;335559739&quot;:160,&quot;335559740&quot;:259}\">\u00a0<\/span><\/li>\n<li data-leveltext=\"\uf0b7\" data-font=\"Symbol\" data-listid=\"2\" data-aria-posinset=\"1\" data-aria-level=\"1\"><span class=\"NormalTextRun SCXW151442062 BCX0\">bez maksas\u00a0 &#8211; \u201cLatvijas V\u0113stne\u0161a\u201d Klientu centr\u0101 Bru\u0146inieku\u00a0<\/span><span class=\"NormalTextRun CommentStart SCXW151442062 BCX0\">41<\/span><span class=\"NormalTextRun SCXW151442062 BCX0\">, R\u012bg\u0101<\/span><\/li>\n<\/ul>\n<p><a title=\"9.augusts 2022 \/ Nr.32 (1246)\" href=\"https:\/\/juristavards.lv\/zurnals.php?laidiens_id=12498\" target=\"_blank\" rel=\"noopener\">\u017durn\u0101la digit\u0101l\u0101 versija<\/a><\/p>\n","protected":false},"featured_media":12446,"comment_status":"open","ping_status":"closed","template":"","meta":[],"product_brand":[],"product_cat":[362,361],"product_tag":[],"class_list":{"0":"post-12445","1":"product","2":"type-product","3":"status-publish","4":"has-post-thumbnail","6":"product_cat-zurnali-tematiskie","7":"product_cat-zurnali","9":"first","10":"instock","11":"taxable","12":"shipping-taxable","13":"purchasable","14":"product-type-simple"},"aioseo_notices":[],"_links":{"self":[{"href":"https:\/\/juristavards.lv\/veikals\/wp-json\/wp\/v2\/product\/12445","targetHints":{"allow":["GET"]}}],"collection":[{"href":"https:\/\/juristavards.lv\/veikals\/wp-json\/wp\/v2\/product"}],"about":[{"href":"https:\/\/juristavards.lv\/veikals\/wp-json\/wp\/v2\/types\/product"}],"replies":[{"embeddable":true,"href":"https:\/\/juristavards.lv\/veikals\/wp-json\/wp\/v2\/comments?post=12445"}],"wp:featuredmedia":[{"embeddable":true,"href":"https:\/\/juristavards.lv\/veikals\/wp-json\/wp\/v2\/media\/12446"}],"wp:attachment":[{"href":"https:\/\/juristavards.lv\/veikals\/wp-json\/wp\/v2\/media?parent=12445"}],"wp:term":[{"taxonomy":"product_brand","embeddable":true,"href":"https:\/\/juristavards.lv\/veikals\/wp-json\/wp\/v2\/product_brand?post=12445"},{"taxonomy":"product_cat","embeddable":true,"href":"https:\/\/juristavards.lv\/veikals\/wp-json\/wp\/v2\/product_cat?post=12445"},{"taxonomy":"product_tag","embeddable":true,"href":"https:\/\/juristavards.lv\/veikals\/wp-json\/wp\/v2\/product_tag?post=12445"}],"curies":[{"name":"wp","href":"https:\/\/api.w.org\/{rel}","templated":true}]}}