{"id":5475,"date":"2020-10-06T19:01:37","date_gmt":"2020-10-06T16:01:37","guid":{"rendered":"https:\/\/juristavards.lv\/veikals\/?post_type=product&#038;p=5475"},"modified":"2025-12-15T13:40:30","modified_gmt":"2025-12-15T11:40:30","slug":"6-oktobris-2020-nr-40-1150","status":"publish","type":"product","link":"https:\/\/juristavards.lv\/veikals\/produkts\/6-oktobris-2020-nr-40-1150\/","title":{"rendered":"6. oktobris 2020 \/ Nr. 40 (1150)"},"content":{"rendered":"<p>\u0160is &#8220;Jurista V\u0101rda&#8221; \u012bpa\u0161ais tematiskais izdevums velt\u012bts b\u016btiskiem jaut\u0101jumiem, kas saist\u012bti ar datu aizsardz\u012bbu un izmanto\u0161anu modernaj\u0101s tehnolo\u0123ij\u0101s &#8211; interneta vid\u0113, interneta platform\u0101s, m\u0101ksl\u012bg\u0101 intelekta algoritmos u.c.<\/p>\n<p>Dati \u017eurn\u0101l\u0101 apl\u016bkoti ne tikai personas datu izmanto\u0161anas un aizsardz\u012bbas kontekst\u0101, bet pla\u0161\u0101k &#8211; k\u0101 jebk\u0101du datu izmanto\u0161ana jebk\u0101d\u0101 veid\u0101.<\/p>\n<p>Gr\u0101mat\u017eurn\u0101la 120 lappus\u0113s apkopotas 30 ekspertu publik\u0101cijas par t\u0101diem tematiem k\u0101 kiberdro\u0161\u012bba, kontaktu izseko\u0161ana c\u012b\u0146\u0101 pret Covid-19, m\u0101ksl\u012bgais intelekts person\u0101la atlas\u0113 un personas datu aizsardz\u012bbas aspekti, pat\u0113r\u0113t\u0101ju personas datu izmanto\u0161ana personaliz\u0113taj\u0101 digit\u0101laj\u0101 m\u0101rketing\u0101 un vadl\u012bnijas komersantiem, \u012bpa\u0161u kategoriju personas datu apstr\u0101de interneta mekl\u0113t\u0101jprogramm\u0101s u.c.<\/p>\n<p>Izdevums b\u016bs noder\u012bgs pal\u012bgs ikdienas darb\u0101 juristiem, datu aizsardz\u012bbas speci\u0101listiem, IT nozares darbiniekiem un citiem ekspertiem.<\/p>\n","protected":false},"excerpt":{"rendered":"<p><span data-contrast=\"auto\">Druk\u0101t\u0101 \u017eurn\u0101la pieg\u0101de:\u00a0<\/span><span data-ccp-props=\"{&quot;201341983&quot;:0,&quot;335559739&quot;:160,&quot;335559740&quot;:259}\">\u00a0<\/span><\/p>\n<ul>\n<li data-leveltext=\"\uf0b7\" data-font=\"Symbol\" data-listid=\"2\" data-aria-posinset=\"1\" data-aria-level=\"1\"><span data-contrast=\"auto\">ar OMNIVA vai &#8220;Latvijas Pasts&#8221; (pieg\u0101des izdevumi)<\/span><span data-ccp-props=\"{&quot;134233279&quot;:true,&quot;201341983&quot;:0,&quot;335559739&quot;:160,&quot;335559740&quot;:259}\">\u00a0<\/span><\/li>\n<li data-leveltext=\"\uf0b7\" data-font=\"Symbol\" data-listid=\"2\" data-aria-posinset=\"1\" data-aria-level=\"1\"><span class=\"NormalTextRun SCXW151442062 BCX0\">bez maksas\u00a0 &#8211; \u201cLatvijas V\u0113stne\u0161a\u201d Klientu centr\u0101 Bru\u0146inieku\u00a0<\/span><span class=\"NormalTextRun CommentStart SCXW151442062 BCX0\">41<\/span><span class=\"NormalTextRun SCXW151442062 BCX0\">, R\u012bg\u0101<\/span><\/li>\n<\/ul>\n<p><a href=\"https:\/\/juristavards.lv\/zurnals.php?laidiens_id=12277\">\u017durn\u0101la digit\u0101l\u0101 versija<\/a><\/p>\n","protected":false},"featured_media":5485,"comment_status":"open","ping_status":"closed","template":"","meta":[],"product_brand":[],"product_cat":[363,361],"product_tag":[],"class_list":{"0":"post-5475","1":"product","2":"type-product","3":"status-publish","4":"has-post-thumbnail","6":"product_cat-zurnali-gramatzurnali","7":"product_cat-zurnali","9":"first","10":"instock","11":"taxable","12":"shipping-taxable","13":"purchasable","14":"product-type-simple"},"aioseo_notices":[],"_links":{"self":[{"href":"https:\/\/juristavards.lv\/veikals\/wp-json\/wp\/v2\/product\/5475","targetHints":{"allow":["GET"]}}],"collection":[{"href":"https:\/\/juristavards.lv\/veikals\/wp-json\/wp\/v2\/product"}],"about":[{"href":"https:\/\/juristavards.lv\/veikals\/wp-json\/wp\/v2\/types\/product"}],"replies":[{"embeddable":true,"href":"https:\/\/juristavards.lv\/veikals\/wp-json\/wp\/v2\/comments?post=5475"}],"wp:featuredmedia":[{"embeddable":true,"href":"https:\/\/juristavards.lv\/veikals\/wp-json\/wp\/v2\/media\/5485"}],"wp:attachment":[{"href":"https:\/\/juristavards.lv\/veikals\/wp-json\/wp\/v2\/media?parent=5475"}],"wp:term":[{"taxonomy":"product_brand","embeddable":true,"href":"https:\/\/juristavards.lv\/veikals\/wp-json\/wp\/v2\/product_brand?post=5475"},{"taxonomy":"product_cat","embeddable":true,"href":"https:\/\/juristavards.lv\/veikals\/wp-json\/wp\/v2\/product_cat?post=5475"},{"taxonomy":"product_tag","embeddable":true,"href":"https:\/\/juristavards.lv\/veikals\/wp-json\/wp\/v2\/product_tag?post=5475"}],"curies":[{"name":"wp","href":"https:\/\/api.w.org\/{rel}","templated":true}]}}