{"id":6633,"date":"2022-02-22T00:19:03","date_gmt":"2022-02-21T22:19:03","guid":{"rendered":"https:\/\/juristavards.lv\/veikals\/produkts\/saeimas-atlaisana\/"},"modified":"2026-03-04T15:57:01","modified_gmt":"2026-03-04T13:57:01","slug":"saeimas-atlaisana","status":"publish","type":"product","link":"https:\/\/juristavards.lv\/veikals\/produkts\/saeimas-atlaisana\/","title":{"rendered":"Saeimas atlai\u0161ana"},"content":{"rendered":"<p>Autori savu viedokli par Saeimas atlai\u0161anas regul\u0113jumu Satversm\u0113, k\u0101 ar\u012b iesp\u0113jamiem Satversmes groz\u012bjumiem \u0161aj\u0101 jaut\u0101jum\u0101 ir paudu\u0161i jau vair\u0101kk\u0101rt. \u0160aj\u0101 rakstu kr\u0101jum\u0101 ir apkopoti \u0161ie da\u017e\u0101dos laikos tapu\u0161ie raksti. Papildus tam kr\u0101jum\u0101 ietverts jauns, iepriek\u0161 nepublic\u0113ts raksts. Las\u012bt\u0101ju \u0113rt\u012bbas labad kr\u0101jums papildin\u0101ts ar Valsts prezidenta Konstitucion\u0101lo ties\u012bbu komisijas viedokli par Saeimas priek\u0161laic\u012bgu v\u0113l\u0113\u0161anu meh\u0101nisma pilnveido\u0161anu.<\/p>\n","protected":false},"excerpt":{"rendered":"<p>Autori savu viedokli par Saeimas atlai\u0161anas regul\u0113jumu Satversm\u0113, k\u0101 ar\u012b iesp\u0113jamiem Satversmes groz\u012bjumiem \u0161aj\u0101 jaut\u0101jum\u0101 ir paudu\u0161i jau vair\u0101kk\u0101rt. \u0160aj\u0101 rakstu kr\u0101jum\u0101 ir apkopoti \u0161ie da\u017e\u0101dos laikos tapu\u0161ie raksti. Papildus tam kr\u0101jum\u0101 ietverts jauns, iepriek\u0161 nepublic\u0113ts raksts. Las\u012bt\u0101ju \u0113rt\u012bbas labad kr\u0101jums papildin\u0101ts ar Valsts prezidenta Konstitucion\u0101lo ties\u012bbu komisijas viedokli par Saeimas priek\u0161laic\u012bgu v\u0113l\u0113\u0161anu meh\u0101nisma pilnveido\u0161anu.<\/p>\n","protected":false},"featured_media":6212,"comment_status":"open","ping_status":"closed","template":"","meta":[],"product_brand":[],"product_cat":[370],"product_tag":[144],"class_list":{"0":"post-6633","1":"product","2":"type-product","3":"status-publish","4":"has-post-thumbnail","6":"product_cat-gramatas","7":"product_tag-valsts-tiesibas","8":"pa_autors-janis-pleps-edgars-pastars","9":"pa_gads-274","10":"pa_izdevejs-latvijas-vestnesis","12":"first","13":"instock","14":"taxable","15":"shipping-taxable","16":"purchasable","17":"product-type-simple"},"aioseo_notices":[],"_links":{"self":[{"href":"https:\/\/juristavards.lv\/veikals\/wp-json\/wp\/v2\/product\/6633","targetHints":{"allow":["GET"]}}],"collection":[{"href":"https:\/\/juristavards.lv\/veikals\/wp-json\/wp\/v2\/product"}],"about":[{"href":"https:\/\/juristavards.lv\/veikals\/wp-json\/wp\/v2\/types\/product"}],"replies":[{"embeddable":true,"href":"https:\/\/juristavards.lv\/veikals\/wp-json\/wp\/v2\/comments?post=6633"}],"wp:featuredmedia":[{"embeddable":true,"href":"https:\/\/juristavards.lv\/veikals\/wp-json\/wp\/v2\/media\/6212"}],"wp:attachment":[{"href":"https:\/\/juristavards.lv\/veikals\/wp-json\/wp\/v2\/media?parent=6633"}],"wp:term":[{"taxonomy":"product_brand","embeddable":true,"href":"https:\/\/juristavards.lv\/veikals\/wp-json\/wp\/v2\/product_brand?post=6633"},{"taxonomy":"product_cat","embeddable":true,"href":"https:\/\/juristavards.lv\/veikals\/wp-json\/wp\/v2\/product_cat?post=6633"},{"taxonomy":"product_tag","embeddable":true,"href":"https:\/\/juristavards.lv\/veikals\/wp-json\/wp\/v2\/product_tag?post=6633"}],"curies":[{"name":"wp","href":"https:\/\/api.w.org\/{rel}","templated":true}]}}