{"id":6743,"date":"2022-02-22T00:19:20","date_gmt":"2022-02-21T22:19:20","guid":{"rendered":"https:\/\/juristavards.lv\/veikals\/produkts\/latvijas-republikas-satversmes-komentari-ii-nodala-saeima\/"},"modified":"2025-12-03T15:21:06","modified_gmt":"2025-12-03T13:21:06","slug":"latvijas-republikas-satversmes-komentari-ii-nodala-saeima","status":"publish","type":"product","link":"https:\/\/juristavards.lv\/veikals\/produkts\/latvijas-republikas-satversmes-komentari-ii-nodala-saeima\/","title":{"rendered":"Latvijas Republikas Satversmes koment\u0101ri. II noda\u013ca. Saeima"},"content":{"rendered":"<p style=\"text-align: justify\">\u201eLatvijas V\u0113stne\u0161a\u201d apg\u0101d\u0101 n\u0101kusi klaj\u0101 sest\u0101 Satversmes zin\u0101tnisko koment\u0101ru gr\u0101mata, kas velt\u012bta m\u016bsu valsts pamatlikuma II noda\u013cai \u201cSaeima\u201d. \u0160aj\u0101 izdevum\u0101 pirmo reizi Latvijas ties\u012bbu literat\u016br\u0101 apl\u016bkots konstitucion\u0101lais regul\u0113jums, kas nosaka Saeimas Prezidija un past\u0101v\u012bgo komisiju darbu, Saeimas s\u0113\u017eu sasauk\u0161anas k\u0101rt\u012bbu, Saeimas k\u0101rt\u012bbas rulli, Saeimas s\u0113\u017eu sasauk\u0161anas vietu \u2013 R\u012bgu un daudzus citus jaut\u0101jumus, kas saist\u012bti ar m\u016bsu valsts parlamenta darbu.<\/p>\n<p style=\"text-align: justify\">L\u012bdz ar \u0161\u012b s\u0113juma izdo\u0161anu ir pabeigts vair\u0101k nek\u0101 desmit gadu ilgs darbs, kas rezult\u0113jies se\u0161os apjom\u012bgos s\u0113jumos, kuru kop\u0113jais lappu\u0161u skaits ir 3712.<\/p>\n<p style=\"text-align: justify\">\u201cLatvijas konstitucion\u0101lisms l\u012bdz ar koment\u0101ru pabeig\u0161anu ieguvis piln\u012bgu Satversmes normu fundament\u0101lu skaidrojumu, kas ne vien aptver l\u012bdz\u0161in\u0113jo konstitucion\u0101lo pieredzi, bet ar\u012b apl\u016bko Satversmes izstr\u0101d\u0101t\u0101ju debates, Satversmes normu piem\u0113ro\u0161anas praksi, citu valstu konstitucion\u0101lo normu sal\u012bdzino\u0161o anal\u012bzi, jaun\u0101k\u0101s atzi\u0146as ties\u012bbu zin\u0101tn\u0113, judikat\u016bru utt.,\u201d gr\u0101matas ievad\u0101 uzsver Latvijas Universit\u0101tes zin\u0101tnisk\u0101 projekta vad\u012bt\u0101js, profesors <i>Dr.iur.<\/i> Ringolds Balodis. Projekta m\u0113r\u0137is ir stiprin\u0101t Latvijas valstiskumu, demokr\u0101tiju un virzienu uz att\u012bst\u012bbu.<\/p>\n<p>Satversmes zin\u0101tniskie koment\u0101ri, kas tiek pla\u0161i izmantoti un cit\u0113ti tiesu nol\u0113mumos, ir fundament\u0101ls zin\u0101tnisks skaidrojums par Latvijas Republikas Satversmi, t\u0101s noda\u013c\u0101m un pantiem. Profesion\u0101\u013cu zin\u0101tniski pamatotie skaidrojumi, kas sistematiz\u0113ti un izstr\u0101d\u0101ti p\u0113c vienotas metodolo\u0123ijas, ir lab\u0101kais Satversmes pal\u012bgmateri\u0101ls. Tas ir v\u0113rt\u012bgs inform\u0101cijas avots tiklab prakti\u0137iem, k\u0101 ar\u012b visiem tiem interesentiem, kuri v\u0113las padzi\u013cin\u0101ti iepaz\u012bties ar m\u016bsu valsts b\u016bt\u012bbu un saprast valsts varas atzaru funkcion\u0113\u0161anas meh\u0101nismu. Koment\u0101ri dod iesp\u0113ju piek\u013c\u016bt atlas\u012btiem faktiem, kas ieg\u016bti, p\u0113tot pirmavotus.<\/p>\n","protected":false},"excerpt":{"rendered":"<p>\u201eLatvijas V\u0113stne\u0161a\u201d apg\u0101d\u0101 n\u0101kusi klaj\u0101 sest\u0101 Satversmes zin\u0101tnisko koment\u0101ru gr\u0101mata, kas velt\u012bta m\u016bsu valsts pamatlikuma II noda\u013cai \u201cSaeima\u201d. \u0160aj\u0101 izdevum\u0101 pirmo reizi Latvijas ties\u012bbu literat\u016br\u0101 apl\u016bkots konstitucion\u0101lais regul\u0113jums, kas nosaka Saeimas Prezidija un past\u0101v\u012bgo komisiju darbu, Saeimas s\u0113\u017eu sasauk\u0161anas k\u0101rt\u012bbu, Saeimas k\u0101rt\u012bbas rulli, Saeimas s\u0113\u017eu sasauk\u0161anas vietu \u2013 R\u012bgu un daudzus citus jaut\u0101jumus, kas saist\u012bti [&hellip;]<\/p>\n","protected":false},"featured_media":6428,"comment_status":"open","ping_status":"closed","template":"","meta":[],"product_brand":[],"product_cat":[370],"product_tag":[144],"class_list":{"0":"post-6743","1":"product","2":"type-product","3":"status-publish","4":"has-post-thumbnail","6":"product_cat-gramatas","7":"product_tag-valsts-tiesibas","8":"pa_autors-autoru-kolektivs","9":"pa_gads-349","10":"pa_izdevejs-latvijas-vestnesis","12":"first","13":"instock","14":"taxable","15":"shipping-taxable","16":"purchasable","17":"product-type-simple"},"aioseo_notices":[],"_links":{"self":[{"href":"https:\/\/juristavards.lv\/veikals\/wp-json\/wp\/v2\/product\/6743","targetHints":{"allow":["GET"]}}],"collection":[{"href":"https:\/\/juristavards.lv\/veikals\/wp-json\/wp\/v2\/product"}],"about":[{"href":"https:\/\/juristavards.lv\/veikals\/wp-json\/wp\/v2\/types\/product"}],"replies":[{"embeddable":true,"href":"https:\/\/juristavards.lv\/veikals\/wp-json\/wp\/v2\/comments?post=6743"}],"wp:featuredmedia":[{"embeddable":true,"href":"https:\/\/juristavards.lv\/veikals\/wp-json\/wp\/v2\/media\/6428"}],"wp:attachment":[{"href":"https:\/\/juristavards.lv\/veikals\/wp-json\/wp\/v2\/media?parent=6743"}],"wp:term":[{"taxonomy":"product_brand","embeddable":true,"href":"https:\/\/juristavards.lv\/veikals\/wp-json\/wp\/v2\/product_brand?post=6743"},{"taxonomy":"product_cat","embeddable":true,"href":"https:\/\/juristavards.lv\/veikals\/wp-json\/wp\/v2\/product_cat?post=6743"},{"taxonomy":"product_tag","embeddable":true,"href":"https:\/\/juristavards.lv\/veikals\/wp-json\/wp\/v2\/product_tag?post=6743"}],"curies":[{"name":"wp","href":"https:\/\/api.w.org\/{rel}","templated":true}]}}