{"id":7478,"date":"2022-08-16T07:00:57","date_gmt":"2022-08-16T04:00:57","guid":{"rendered":"https:\/\/juristavards.lv\/veikals\/?post_type=product&#038;p=7478"},"modified":"2024-11-21T11:59:44","modified_gmt":"2024-11-21T09:59:44","slug":"16-augusts-2022-nr-33-1247","status":"publish","type":"product","link":"https:\/\/juristavards.lv\/veikals\/produkts\/16-augusts-2022-nr-33-1247\/","title":{"rendered":"16.augusts 2022 \/ Nr.33 (1247)"},"content":{"rendered":"<p>Ener\u0123\u0113tika ir strat\u0113\u0123iska nozare, jo bez ener\u0123ijas iztikt nevar. T\u0101 vajadz\u012bga apgaismo\u0161anai, apsildei un cilv\u0113ku un pre\u010du p\u0101rvad\u0101\u0161anai, un uz to pamatojas visas p\u0101r\u0113j\u0101s ekonomikas nozares \u2013 lauksaimniec\u012bba, r\u016bpniec\u012bba un pakalpojumu nozare \u2013 un ar\u012b zin\u0101tnes progress. M\u016bsu dz\u012bves kvalit\u0101tes nodro\u0161in\u0101\u0161anai vajag daudz ener\u0123ijas.<br \/>\nNu jau gandr\u012bz par ikdieni\u0161\u0137u par\u0101d\u012bbu ir k\u013cuvis ener\u0123\u0113tikas sektora ties\u012bbpolitikai velt\u012bts &#8220;Jurista V\u0101rda&#8221; tematiskais numurs, kur\u0101 nozares eksperti un prakti\u0137i apskata aktu\u0101l\u0101kos ties\u012bbpolitikas jaut\u0101jumus, kas saist\u012bti ar ener\u0123\u0113tikas nozares problem\u0101tiku un praksi gan starptautisk\u0101 m\u0113rog\u0101, gan ar\u012b Latvijas robe\u017e\u0101s. P\u0113d\u0113jie divi gadi kop\u0161 iepriek\u0161\u0113j\u0101 \u0161ai nozarei velt\u012bt\u0101 tematisk\u0101 laidiena izn\u0101k\u0161anas 2020. gada vasar\u0101 ener\u0123\u0113tikas nozarei ir biju\u0161i \u013coti dinamiski un izaicin\u0101jumiem pilni, tos ietekm\u0113ju\u0161i gan starptautiski notikumi Covid-19 pand\u0113mijas sakar\u0101, gan ar\u012b Krievijas iebrukums Ukrain\u0101. \u0160o p\u0113d\u0113jo notikumu d\u0113\u013c pasaul\u0113 un Eirop\u0101 arvien skaidr\u0101k iez\u012bm\u0113jas, ka ener\u0123ija un der\u012bgie izrakte\u0146i var tikt izmantoti ar\u012b k\u0101 \u0161ant\u0101\u017eas instruments. Un ir radusies aizvien skaidr\u0101ka izpratne, cik ener\u0123\u0113tikas nozare ir b\u016btiska ar\u012b k\u0101 nacion\u0101l\u0101s dro\u0161\u012bbas st\u016brakmens.<br \/>\n&#8220;Jurista V\u0101rda&#8221; ener\u0123\u0113tikai velt\u012btaj\u0101 tematiskaj\u0101 numur\u0101 las\u012bt\u0101jiem ir sagatavoti raksti par da\u017e\u0101d\u0101m Latvij\u0101 aktu\u0101l\u0101m t\u0113m\u0101m, proti, \u0161aj\u0101 laidien\u0101 var iepaz\u012bties ar apskatu par atjaunojamo energoresursu atbalsta tiesisko regul\u0113jumu un atskatu uz t\u0101 iepriek\u0161\u0113jo gadu transform\u0101cij\u0101m, k\u0101 ar\u012b ar skatu uz n\u0101kotni tiek analiz\u0113ta v\u0113ja parku att\u012bst\u012bba Latvij\u0101 un ar to saist\u012bt\u0101s tiesved\u012bbas. T\u0101pat \u0161aj\u0101 numur\u0101 apskat\u012bti pa\u0161vald\u012bbu energopat\u0113ri\u0146a jaut\u0101jumi, Baltijas energosist\u0113mas balans\u0113\u0161anas tirgus, pausts viedoklis par jauniem elektroener\u0123ijas tirgus dal\u012bbniekiem, tehnolo\u0123ij\u0101m un to rad\u012btajiem regulat\u012bvajiem izaicin\u0101jumiem. Numur\u0101 var iepaz\u012bties ar jauno Sabiedrisko pakalpojumu regul\u0113\u0161anas komisijas darb\u012bbas strat\u0113\u0123iju 2022.\u20132026. gadam, k\u0101 ar\u012b ar viedokli par solidarit\u0101tes principu ener\u0123\u0113tikas jom\u0101, kas ietver sev\u012b anal\u012bzi par L\u012bguma par Eiropas Savien\u012bbas darb\u012bbu 194. panta 1. punkta piem\u0113ro\u0161anu.<\/p>\n","protected":false},"excerpt":{"rendered":"<p><span data-contrast=\"auto\">Druk\u0101t\u0101 \u017eurn\u0101la pieg\u0101de:\u00a0<\/span><span data-ccp-props=\"{&quot;201341983&quot;:0,&quot;335559739&quot;:160,&quot;335559740&quot;:259}\">\u00a0<\/span><\/p>\n<ul>\n<li data-leveltext=\"\uf0b7\" data-font=\"Symbol\" data-listid=\"2\" data-aria-posinset=\"1\" data-aria-level=\"1\"><span data-contrast=\"auto\">ar OMNIVA vai &#8220;Latvijas Pasts&#8221; (pieg\u0101des izdevumi)<\/span><span data-ccp-props=\"{&quot;134233279&quot;:true,&quot;201341983&quot;:0,&quot;335559739&quot;:160,&quot;335559740&quot;:259}\">\u00a0<\/span><\/li>\n<li data-leveltext=\"\uf0b7\" data-font=\"Symbol\" data-listid=\"2\" data-aria-posinset=\"1\" data-aria-level=\"1\"><span class=\"NormalTextRun SCXW151442062 BCX0\">bez maksas\u00a0 &#8211; \u201cLatvijas V\u0113stne\u0161a\u201d Klientu centr\u0101 Bru\u0146inieku\u00a0<\/span><span class=\"NormalTextRun CommentStart SCXW151442062 BCX0\">41<\/span><span class=\"NormalTextRun SCXW151442062 BCX0\">, R\u012bg\u0101<\/span><\/li>\n<\/ul>\n<p><a title=\"9.augusts 2022 \/ Nr.32 (1246)\" href=\"https:\/\/juristavards.lv\/zurnals.php?laidiens_id=12372\" target=\"_blank\" rel=\"noopener\">\u017durn\u0101la digit\u0101l\u0101 versija<\/a><\/p>\n","protected":false},"featured_media":7481,"comment_status":"open","ping_status":"closed","template":"","meta":[],"product_brand":[],"product_cat":[362,361],"product_tag":[],"class_list":{"0":"post-7478","1":"product","2":"type-product","3":"status-publish","4":"has-post-thumbnail","6":"product_cat-zurnali-tematiskie","7":"product_cat-zurnali","9":"first","10":"instock","11":"taxable","12":"shipping-taxable","13":"purchasable","14":"product-type-simple"},"aioseo_notices":[],"_links":{"self":[{"href":"https:\/\/juristavards.lv\/veikals\/wp-json\/wp\/v2\/product\/7478","targetHints":{"allow":["GET"]}}],"collection":[{"href":"https:\/\/juristavards.lv\/veikals\/wp-json\/wp\/v2\/product"}],"about":[{"href":"https:\/\/juristavards.lv\/veikals\/wp-json\/wp\/v2\/types\/product"}],"replies":[{"embeddable":true,"href":"https:\/\/juristavards.lv\/veikals\/wp-json\/wp\/v2\/comments?post=7478"}],"wp:featuredmedia":[{"embeddable":true,"href":"https:\/\/juristavards.lv\/veikals\/wp-json\/wp\/v2\/media\/7481"}],"wp:attachment":[{"href":"https:\/\/juristavards.lv\/veikals\/wp-json\/wp\/v2\/media?parent=7478"}],"wp:term":[{"taxonomy":"product_brand","embeddable":true,"href":"https:\/\/juristavards.lv\/veikals\/wp-json\/wp\/v2\/product_brand?post=7478"},{"taxonomy":"product_cat","embeddable":true,"href":"https:\/\/juristavards.lv\/veikals\/wp-json\/wp\/v2\/product_cat?post=7478"},{"taxonomy":"product_tag","embeddable":true,"href":"https:\/\/juristavards.lv\/veikals\/wp-json\/wp\/v2\/product_tag?post=7478"}],"curies":[{"name":"wp","href":"https:\/\/api.w.org\/{rel}","templated":true}]}}