{"id":7592,"date":"2022-09-12T11:08:16","date_gmt":"2022-09-12T08:08:16","guid":{"rendered":"https:\/\/juristavards.lv\/veikals\/?post_type=product&#038;p=7592"},"modified":"2026-04-14T15:54:13","modified_gmt":"2026-04-14T12:54:13","slug":"konstitucionalas-tiesibas-3-izdevums","status":"publish","type":"product","link":"https:\/\/juristavards.lv\/veikals\/produkts\/konstitucionalas-tiesibas-3-izdevums\/","title":{"rendered":"Konstitucion\u0101l\u0101s ties\u012bbas 3.izdevums"},"content":{"rendered":"<p>\u201eKonstitucion\u0101lo ties\u012bbu\u201d tre\u0161ais, papildin\u0101tais un p\u0101rstr\u0101d\u0101tais izdevums ar Dai\u0146a \u012av\u0101na priek\u0161v\u0101rdu. Gr\u0101mat\u0101 sniegts Satversm\u0113 noteikt\u0101s Latvijas valsts iek\u0101rtas skaidrojums, to apl\u016bkojot pla\u0161\u0101k\u0101 Baltijas un Eiropas valstu pieredzes kontekst\u0101. Autori detaliz\u0113ti izskaidroju\u0161i t\u0101dus konstitucion\u0101lo ties\u012bbu\u00a0\u00a0pamatj\u0113dzienus k\u0101 konstit\u016bcija, suverenit\u0101te, demokr\u0101tiska republika, tiesiska un soci\u0101la valsts, cilv\u0113kties\u012bbas un varas dal\u012b\u0161ana. T\u0101pat gr\u0101mat\u0101 apl\u016bkotas svar\u012bg\u0101k\u0101s valsts galvas, likumdev\u0113jvaras, izpildvaras un tiesu varas funkcijas tiesisk\u0101 demokr\u0101tisk\u0101 valst\u012b un to mijiedarb\u012bba.<\/p>\n<p>Pirmais \u201cKonstitucion\u0101lo ties\u012bbu\u201d izdevums\u00a0&#8220;Latvijas V\u0113stne\u0161a&#8221; Gr\u0101matu apg\u0101d\u0101\u00a0izn\u0101ca 2004. gad\u0101 Satversmes tiesas priek\u0161s\u0113d\u0113t\u0101ja Aivara Endzi\u0146a\u00a0zin\u0101tnisk\u0101 redakcij\u0101. 2014. gad\u0101 gr\u0101matas autori sagatavoja otro \u2013 papildin\u0101to un p\u0101rstr\u0101d\u0101to izdevumu. Tagad \u2013 v\u0113l p\u0113c septi\u0146iem gadiem \u2013 n\u0101cis klaj\u0101 jauns aktualiz\u0113ts un b\u016btiski papildin\u0101ts izdevums.<\/p>\n<p>Sniedzot izv\u0113rstu ieskatu Satversmes tiesas praks\u0113 un noz\u012bm\u012bg\u0101kajos Satversmes piem\u0113ro\u0161anas gad\u012bjumos, \u201cKonstitucion\u0101lo ties\u012bbu\u201d tre\u0161ais izdevums m\u0113r\u0137tiec\u012bgi piel\u0101gots prakti\u0137u vajadz\u012bb\u0101m. Gr\u0101mata b\u016bs noder\u012bga ikvienam, kur\u0161 v\u0113las papildin\u0101t zin\u0101\u0161anas par Satversmi, Latvijas valsts iek\u0101rtu un t\u0101s konstitucion\u0101lajiem pamatiem,\u00a0k\u0101 ar\u012b izkopt prasmes savu\u00a0pamatties\u012bbu\u00a0aizsarg\u0101\u0161an\u0101 un izmanto\u0161an\u0101.<\/p>\n<p>Ar gr\u0101matas izdo\u0161anu VSIA &#8220;Latvijas V\u0113stnesis&#8221; turpina pild\u012bt konstitucion\u0101lo pien\u0101kumu ikvienam skaidrot vi\u0146a ties\u012bbas un nodro\u0161in\u0101t sabiedr\u012bbai ticamu un augstv\u0113rt\u012bgu tiesisko inform\u0101ciju.<\/p>\n","protected":false},"excerpt":{"rendered":"<p><span data-contrast=\"auto\">Gr\u0101matas pieg\u0101de: <\/span><span data-ccp-props=\"{&quot;201341983&quot;:0,&quot;335559739&quot;:160,&quot;335559740&quot;:259}\">\u00a0<\/span><\/p>\n<ul>\n<li data-leveltext=\"\uf0b7\" data-font=\"Symbol\" data-listid=\"2\" data-aria-posinset=\"1\" data-aria-level=\"1\"><span data-contrast=\"auto\">ar OMNIVA vai &#8220;Latvijas Pasts&#8221; (pieg\u0101des izdevumi)<\/span><span data-ccp-props=\"{&quot;134233279&quot;:true,&quot;201341983&quot;:0,&quot;335559739&quot;:160,&quot;335559740&quot;:259}\">\u00a0<\/span><\/li>\n<li data-leveltext=\"\uf0b7\" data-font=\"Symbol\" data-listid=\"2\" data-aria-posinset=\"1\" data-aria-level=\"1\"><span class=\"NormalTextRun SCXW151442062 BCX0\">bez maksas\u00a0 &#8211; \u201cLatvijas V\u0113stne\u0161a\u201d Klientu centr\u0101 Bru\u0146inieku\u00a0<\/span><span class=\"NormalTextRun CommentStart SCXW151442062 BCX0\">41<\/span><span class=\"NormalTextRun SCXW151442062 BCX0\">, R\u012bg\u0101<\/span><\/li>\n<\/ul>\n","protected":false},"featured_media":6434,"comment_status":"open","ping_status":"closed","template":"","meta":[],"product_brand":[],"product_cat":[370],"product_tag":[144],"class_list":{"0":"post-7592","1":"product","2":"type-product","3":"status-publish","4":"has-post-thumbnail","6":"product_cat-gramatas","7":"product_tag-valsts-tiesibas","8":"pa_autors-edgars-pastars","9":"pa_autors-ilze-plakane","10":"pa_autors-janis-pleps","11":"pa_gads-352","12":"pa_izdevejs-latvijas-vestnesis","14":"first","15":"instock","16":"taxable","17":"shipping-taxable","18":"purchasable","19":"product-type-simple"},"aioseo_notices":[],"_links":{"self":[{"href":"https:\/\/juristavards.lv\/veikals\/wp-json\/wp\/v2\/product\/7592","targetHints":{"allow":["GET"]}}],"collection":[{"href":"https:\/\/juristavards.lv\/veikals\/wp-json\/wp\/v2\/product"}],"about":[{"href":"https:\/\/juristavards.lv\/veikals\/wp-json\/wp\/v2\/types\/product"}],"replies":[{"embeddable":true,"href":"https:\/\/juristavards.lv\/veikals\/wp-json\/wp\/v2\/comments?post=7592"}],"wp:featuredmedia":[{"embeddable":true,"href":"https:\/\/juristavards.lv\/veikals\/wp-json\/wp\/v2\/media\/6434"}],"wp:attachment":[{"href":"https:\/\/juristavards.lv\/veikals\/wp-json\/wp\/v2\/media?parent=7592"}],"wp:term":[{"taxonomy":"product_brand","embeddable":true,"href":"https:\/\/juristavards.lv\/veikals\/wp-json\/wp\/v2\/product_brand?post=7592"},{"taxonomy":"product_cat","embeddable":true,"href":"https:\/\/juristavards.lv\/veikals\/wp-json\/wp\/v2\/product_cat?post=7592"},{"taxonomy":"product_tag","embeddable":true,"href":"https:\/\/juristavards.lv\/veikals\/wp-json\/wp\/v2\/product_tag?post=7592"}],"curies":[{"name":"wp","href":"https:\/\/api.w.org\/{rel}","templated":true}]}}