{"id":8595,"date":"2023-03-21T05:00:38","date_gmt":"2023-03-21T03:00:38","guid":{"rendered":"https:\/\/juristavards.lv\/veikals\/?post_type=product&#038;p=8595"},"modified":"2025-03-17T15:23:49","modified_gmt":"2025-03-17T13:23:49","slug":"kriminalprocesa-likuma-komentari-a-dala","status":"publish","type":"product","link":"https:\/\/juristavards.lv\/veikals\/produkts\/kriminalprocesa-likuma-komentari-a-dala\/","title":{"rendered":"Krimin\u0101lprocesa likuma koment\u0101ri. A da\u013ca."},"content":{"rendered":"<p>Gr\u0101mat\u0101 iek\u013cauti Krimin\u0101lprocesa likuma, kas pie\u0146emts un st\u0101jies sp\u0113k\u0101 2005. gad\u0101, A da\u013cas zin\u0101tniski praktiskie koment\u0101ri. Tie rakst\u012bti Krimin\u0101lprocesa likuma redakcijai, k\u0101da atbilsto\u0161i l\u012bdz 2018. gada 1. decembrim izsludin\u0101tajiem likumiem pl\u0101nojami st\u0101sies sp\u0113k\u0101 2019. gada 1. janv\u0101r\u012b. Izdevums veidots k\u0101 atsevi\u0161\u0137u Krimin\u0101lprocesa likuma pantu sec\u012bgs koment\u0101rs.<\/p>\n<p>Profesores Krist\u012bnes Stradas-Rozenbergas recenz\u0113t\u0101 zin\u0101tnisk\u0101 monogr\u0101fija tapa \u010detru gadu laik\u0101. T\u0101s veido\u0161an\u0101 piedal\u012bju\u0161ies 14 autori, Latvij\u0101 atz\u012bti savas jomas speci\u0101listi, liel\u0101k\u0101 da\u013ca no tiem \u2013 Latvijas augstskolu doc\u0113t\u0101ji, zin\u0101tnieki: prof. Dr.iur. S. Kaija, lekt. G. K\u016btris, asoc.prof. Dr.iur. U. \u0136inis, lekt. M. Lejnieks, asoc. prof. Dr.iur. A. Lieljuksis, lekt. J. Maiz\u012btis, prof. Dr.iur. \u0100. Meikali\u0161a, prof. Dr.iur. D. Rezevska, prof. Dr.iur. K. Strada-Rozenberga, k\u0101 ar\u012b \u012bpa\u0161i aicin\u0101tie speci\u0101listi: tiesnesis P. Gruzi\u0146\u0161, tiesu eksperte M. \u010centoricka, Latvijas p\u0101rst\u0101ve Eiropas Cilv\u0113kties\u012bbu ties\u0101 K. L\u012bce, zv\u0113rin\u0101ti advok\u0101ti Dr.iur. J. Rozenbergs, Dr.iur. V. Zeppa-Pried\u012bte.<\/p>\n<p>Koment\u0101ri b\u016bs noder\u012bgi gan studentiem, kas apg\u016bst krimin\u0101lprocesam velt\u012btus studiju kursus, gan person\u0101m, kuras profesion\u0101li saist\u012btas ar krimin\u0101lprocesa praktisku piem\u0113ro\u0161anu, gan ikvienam interesentam, kur\u0161 v\u0113las g\u016bt ieskatu Latvijas krimin\u0101lprocesa ties\u012bb\u0101s, izprast Krimin\u0101lprocesa likuma normu saturu un to piem\u0113ro\u0161anas aktu\u0101los aspektus.<\/p>\n<p>Izdevumam pievienots saraksts ar Krimin\u0101lprocesa likum\u0101 izdar\u012btajiem groz\u012bjumiem no\u00a0br\u012b\u017ea, kad 2019. gad\u0101 n\u0101ca klaj\u0101 koment\u0101ru izdevums, l\u012bdz 2023. gada 1. martam, k\u0101 ar\u012b nor\u0101d\u012bti likuma panti, kuros veikti groz\u012bjumi.<\/p>\n","protected":false},"excerpt":{"rendered":"<p><span data-contrast=\"auto\">Gr\u0101matas pieg\u0101de: <\/span><span data-ccp-props=\"{&quot;201341983&quot;:0,&quot;335559739&quot;:160,&quot;335559740&quot;:259}\">\u00a0<\/span><\/p>\n<ul>\n<li data-leveltext=\"\uf0b7\" data-font=\"Symbol\" data-listid=\"2\" data-aria-posinset=\"1\" data-aria-level=\"1\"><span data-contrast=\"auto\">ar OMNIVA vai &#8220;Latvijas Pasts&#8221; (pieg\u0101des izdevumi)<\/span><span data-ccp-props=\"{&quot;134233279&quot;:true,&quot;201341983&quot;:0,&quot;335559739&quot;:160,&quot;335559740&quot;:259}\">\u00a0<\/span><\/li>\n<li data-leveltext=\"\uf0b7\" data-font=\"Symbol\" data-listid=\"2\" data-aria-posinset=\"1\" data-aria-level=\"1\"><span class=\"NormalTextRun SCXW151442062 BCX0\">bez maksas\u00a0 &#8211; \u201cLatvijas V\u0113stne\u0161a\u201d Klientu centr\u0101 Bru\u0146inieku\u00a0<\/span><span class=\"NormalTextRun CommentStart SCXW151442062 BCX0\">41<\/span><span class=\"NormalTextRun SCXW151442062 BCX0\">, R\u012bg\u0101<\/span><\/li>\n<\/ul>\n","protected":false},"featured_media":6420,"comment_status":"open","ping_status":"closed","template":"","meta":[],"product_brand":[],"product_cat":[370],"product_tag":[138],"class_list":{"0":"post-8595","1":"product","2":"type-product","3":"status-publish","4":"has-post-thumbnail","6":"product_cat-gramatas","7":"product_tag-kriminaltiesibas","8":"pa_autors-autoru-kolektivs","9":"pa_gads-346","10":"pa_izdevejs-latvijas-vestnesis","12":"first","13":"outofstock","14":"taxable","15":"shipping-taxable","16":"purchasable","17":"product-type-simple"},"aioseo_notices":[],"_links":{"self":[{"href":"https:\/\/juristavards.lv\/veikals\/wp-json\/wp\/v2\/product\/8595","targetHints":{"allow":["GET"]}}],"collection":[{"href":"https:\/\/juristavards.lv\/veikals\/wp-json\/wp\/v2\/product"}],"about":[{"href":"https:\/\/juristavards.lv\/veikals\/wp-json\/wp\/v2\/types\/product"}],"replies":[{"embeddable":true,"href":"https:\/\/juristavards.lv\/veikals\/wp-json\/wp\/v2\/comments?post=8595"}],"wp:featuredmedia":[{"embeddable":true,"href":"https:\/\/juristavards.lv\/veikals\/wp-json\/wp\/v2\/media\/6420"}],"wp:attachment":[{"href":"https:\/\/juristavards.lv\/veikals\/wp-json\/wp\/v2\/media?parent=8595"}],"wp:term":[{"taxonomy":"product_brand","embeddable":true,"href":"https:\/\/juristavards.lv\/veikals\/wp-json\/wp\/v2\/product_brand?post=8595"},{"taxonomy":"product_cat","embeddable":true,"href":"https:\/\/juristavards.lv\/veikals\/wp-json\/wp\/v2\/product_cat?post=8595"},{"taxonomy":"product_tag","embeddable":true,"href":"https:\/\/juristavards.lv\/veikals\/wp-json\/wp\/v2\/product_tag?post=8595"}],"curies":[{"name":"wp","href":"https:\/\/api.w.org\/{rel}","templated":true}]}}